 x and l?
3
Let a(d) = -8*d + 133. Let r be a(5). Calculate the greatest common divisor of 3 and r.
3
Let k(l) = -l + 91. Let c be k(0). Let w be (16/((-64)/14))/((-1)/4). What is the greatest common factor of c and w?
7
Suppose 3*l + 83 = -a, 0 = 2*l + 5*a + 11 + 27. Let u = -13 - l. Let j = -8 + u. What is the highest common divisor of j and 56?
8
Let j be (-6629062)/(-8360) + (-2)/(-40). What is the greatest common divisor of 26 and j?
13
Let k = -1789 + 1795. Let a be 1688/28 - (-4)/(-14). Suppose 4*w = q + 4*q - a, -w = 5*q - 60. Calculate the greatest common divisor of q and k.
6
Suppose 28*r = r - 108. Let c = 14 + r. What is the highest common divisor of c and 90?
10
Let c(a) = -a**2 + 52*a - 58. Let p be c(50). Let z be (0 - -8) + -4 - -2. Calculate the highest common divisor of z and p.
6
Let m be -2*2*(-36)/16. Suppose 4*f + 3*r = 73, -2*r - 76 = -2*f - f. Suppose 19*j - f*j = -135. What is the greatest common factor of j and m?
9
Let r be (-6 + 3)*(-20)/15. Suppose -r*t + 3*q = q - 296, 4*t = 5*q + 308. Calculate the highest common divisor of 48 and t.
24
Suppose -3*b + 4*y = 2437, -5*y - 3082 = 5*b + 968. Let p = b + 1570. Calculate the greatest common factor of 33 and p.
33
Let o = 13591 - 13558. Let c = -328 + 94. Let s = c + 465. What is the greatest common factor of s and o?
33
Suppose -3*v + 93 + 48 = 0. Let g = -17 + v. Suppose h = -0*h + g. Calculate the greatest common divisor of 60 and h.
30
Let r(a) = -a**3 + 22*a**2 - 22*a + 20. Let x be r(21). Let w be (17 - (-3)/x)*-2. Let z = w + 41. What is the highest common divisor of z and 65?
13
Let h(m) = -m**2 + 5*m + 17. Let k be h(7). Suppose 0 = -k*c + 1 + 11. Let y be (c/(-8))/(1/(-6)). What is the greatest common divisor of y and 24?
3
Let i = 93 - 93. Let z(w) = w**3 + w**2 + 39. Let x be z(i). What is the greatest common factor of 13 and x?
13
Suppose 0 = -103*l - 153*l + 47616. Calculate the greatest common factor of l and 6.
6
Let o = 3623 - 2055. Calculate the greatest common factor of o and 294.
98
Suppose 2*u - 7*u + 5*r + 130 = 0, 2*u = -5*r + 45. Let w = u - 32. Let v be ((-20)/((-35)/w))/((-4)/42). What is the highest common divisor of v and 12?
6
Suppose -527076 = -268*t + 70*t. Calculate the highest common factor of t and 22.
22
Let y be -2*2*(13/(-26) - 3). Calculate the highest common divisor of y and 1568.
14
Suppose -85*b + 2100 = -89*b. Let g be ((16/(-10))/2)/(3/b). Calculate the greatest common divisor of g and 40.
20
Suppose 157*u = 26*u + 263*u - 924. Suppose -5*g + 2*c + c + 61 = 0, -40 = -2*g - 4*c. Let m = g - -35. Calculate the highest common factor of u and m.
7
Suppose -73*p = -38159 + 1294. What is the greatest common divisor of p and 10?
5
Let j(v) = -v**3 + 9*v**2 - 6*v - 2. Let s be j(8). Let b = -47 - -46. Let u(m) = 155*m**2 + m. Let p be u(b). What is the highest common divisor of s and p?
14
Let o be -173 - -176 - (1 - 95). Calculate the highest common divisor of o and 9797.
97
Let s be -1*(14*4/16)/((-6)/12). What is the greatest common factor of s and 1169?
7
Suppose -34 = -2*p + 52. Suppose 464 = 20*r - 313 - 83. What is the greatest common factor of p and r?
43
Let c be (-3240)/(-40)*(2/3 - 0). Let r = 11 - 17. Let n = r - -12. What is the highest common factor of c and n?
6
Let d be (4/(-10))/(2/(-80)). Let m = 602 + -604. Let p be (-34)/(-6)*6 + m. Calculate the greatest common divisor of p and d.
16
Let g = 329 - 311. Let z be (-8358)/(-54) - (68/g + -4). Suppose 5*i + 2*b - 62 = 91, -5*i + 2*b + 157 = 0. What is the greatest common divisor of i and z?
31
Suppose -z - 3*b + 40 = 0, -5*z + 4*b = 23 - 185. Suppose 18*g - 22*g = -12, -147 = -3*j + 2*g. What is the greatest common divisor of j and z?
17
Let s = -3461 - -3483. Calculate the highest common divisor of s and 9.
1
Let n be 1032/20*10/3. Let d(k) = 68*k + 197. Let j be d(-1). Calculate the highest common divisor of j and n.
43
Suppose 0 = 5*g + 4*q + 44 - 199, 50 = 2*g + 4*q. Calculate the greatest common divisor of 28 and g.
7
Let w = 3206 + -3023. Calculate the greatest common factor of 2928 and w.
183
Let n(j) = 3*j**2 - 2*j + 5. Let o be n(9). Let f = -4071 - -4163. Calculate the greatest common divisor of o and f.
46
Let l(i) = 2*i**3 - 6*i**2 - i - 7. Let o be l(3). Let z be 2 - (25/o + 0)*18. Calculate the greatest common factor of z and 329.
47
Suppose 3*c - 80 = -14. Suppose 0 = -198*k + 12691 + 11267. Calculate the highest common divisor of c and k.
11
Suppose 13*y + 1534 - 208 = 0. Let j = y - -150. Let x(t) = t**2 + 7*t - 12. Let g be x(-9). What is the greatest common divisor of g and j?
6
Let y(h) be the first derivative of h**3/3 + 2*h - 5. Let n be y(-1). Suppose -n*l + 26 = -l. Calculate the highest common factor of 13 and l.
13
Let o be 4422/(-90) + 4/30. Let f be o + 42 + (14 - -1). Calculate the greatest common factor of 14 and f.
2
Let v be 2/4 + (-198)/12. Let h(f) = 2*f**2 - 4*f - 2. Let m be h(-7). Let r = v + m. What is the greatest common factor of 27 and r?
27
Let d(c) = -c**3 + 23*c**2 - 20*c - 38. Let x be d(22). Let i be x - 416/68 - 53/(-17). Calculate the highest common divisor of 18 and i.
3
Suppose 5082 = 88*l - 66*l. Calculate the highest common factor of l and 264.
33
Suppose -9 = -4*k - 1. Let n be (8/6)/k*3. Suppose -6*t + 5*t = -n. Calculate the greatest common factor of t and 22.
2
Let a be 10/(-8)*((-966)/7 - 10). Let s = -51 + a. Calculate the highest common factor of s and 2.
2
Let y = -4 + 44. Let n be y/(-15)*18*1/(-4). What is the greatest common factor of 102 and n?
6
Let c be 38/(-14) + 28/(-98). Let y be (7/2)/(19/(-6) - c). Let u be (-36)/30 - (-1)/5 - y. What is the highest common factor of 220 and u?
20
Let q = 123 + -63. Let l be 399/(-114)*q/(-7). What is the greatest common factor of 15 and l?
15
Suppose -5*i = 5*h - 0*i - 15, 2*h = -i + 5. Suppose -h*s = 5*k - 30, -4*s + 0*k = -2*k - 12. Calculate the greatest common factor of 160 and s.
5
Suppose 6*u - 22 = 2. Suppose -93 = -u*w + 147. Let h = w - 0. Calculate the highest common divisor of 15 and h.
15
Let l = -34 + 156. Let k be l + 3*(0 + (-2 - -1)). What is the greatest common divisor of 34 and k?
17
Let p(l) = 5*l**2 + 8*l + 32. Let c be p(-9). Suppose 0 = -5*t + d + c, t - 5*t - d = -301. What is the greatest common divisor of t and 666?
74
Let t = 80 - 135. Let s be 125/6*-4*132/t. What is the greatest common divisor of 20 and s?
20
Suppose -2*p - 13 = -23. Suppose 2*d + 4 = -4, -2*w = p*d - 268. Calculate the greatest common factor of w and 216.
72
Let r be -10 - 263*(3 + -4). Calculate the greatest common factor of r and 736.
23
Let i be (3 - 1)*18/(-4). Let l be (-460)/(-207) - (-2)/i. Suppose 40 = 2*y + 3*y. What is the highest common divisor of y and l?
2
Let i(k) = 4*k + 39. Let u be i(-9). Suppose 0 = -3*o - 5*d + 274, -u*o = 28*d - 30*d - 302. Calculate the highest common factor of o and 70.
14
Let b(u) = -26*u**3 - 4054*u**2 + 310*u - 273. Let x be b(-156). Let a(t) = -t**2 - 7*t + 3. Let k be a(-6). Calculate the highest common divisor of k and x.
3
Suppose -14*g - 31 = -577. Suppose -168 = -40*u + g*u. Calculate the greatest common factor of u and 21.
21
Let n(k) = k**2 - 29*k + 85. Let m be n(26). Let c be (10 + (-610)/70)/(1/m). What is the greatest common factor of c and 6?
3
Let n be (114/8)/((-9)/(-144)*-6). Let b be n/19 - (-14 - 0). Calculate the greatest common divisor of 96 and b.
12
Let b be (-6)/(-69)*-1 - (-212542)/253. Calculate the highest common factor of 10 and b.
10
Let c = 720 - 603. Let k = 50 + 145. What is the greatest common factor of k and c?
39
Let k = -6685 + 14929. Calculate the highest common divisor of k and 36.
36
Let h = 12381 - 12345. Calculate the highest common divisor of h and 912.
12
Let o = -18598 - -27693. Calculate the greatest common factor of 170 and o.
85
Suppose 2*l - 2*y = -174 + 570, -2*y - 1005 = -5*l. What is the greatest common factor of 7 and l?
7
Suppose 5*u - 3*b - 1196 = -171, 0 = b. Let y = 210 - u. What is the greatest common factor of y and 235?
5
Let d be 170/(-40)*(-88)/12 + 10/12. Let q(t) = 512*t**2 + t + 1. Let s be q(-1). What is the greatest common divisor of d and s?
32
Let a(k) = 11*k**2 + 378*k + 761. Let u be a(-2). Suppose -4*o + o + 1617 = 0. What is the greatest common factor of 